s 13 a factor of 269?
False
Does 71 divide 790?
False
Is 1131 a multiple of 18?
False
Is 30 a factor of 1204?
False
Is 3 a factor of 12?
True
Is 121 a multiple of 11?
True
Does 124 divide 72788?
True
Does 51 divide 308?
False
Does 15 divide 14490?
True
Is 637 a multiple of 91?
True
Is 38808 a multiple of 14?
True
Does 15 divide 59880?
True
Is 54 a factor of 1674?
True
Is 30 a factor of 746?
False
Is 6440 a multiple of 46?
True
Is 847 a multiple of 3?
False
Is 38 even?
True
Does 8 divide 21919?
False
Is 93 a factor of 69974?
False
Is 7 a factor of 383?
False
Is 53 a factor of 1219?
True
Is 63 a factor of 9702?
True
Is 702 a multiple of 2?
True
Does 91 divide 728?
True
Does 262 divide 20527?
False
Does 11 divide 1430?
True
Is 18 a factor of 18746?
False
Is 58 a factor of 539?
False
Is 15 a factor of 80415?
True
Is 9792 a multiple of 51?
True
Is 34 a factor of 9622?
True
Does 14 divide 2590?
True
Does 90 divide 1496?
False
Does 35 divide 2670?
False
Does 15 divide 3330?
True
Is 191 a multiple of 16?
False
Does 118 divide 2618?
False
Is 69 a factor of 7537?
False
Is 27 a multiple of 9?
True
Is 20280 a multiple of 8?
True
Is 3 a factor of 89?
False
Is 630 a multiple of 10?
True
Is 18802 a multiple of 238?
True
Is 6 a factor of 71841?
False
Is 2092 a multiple of 5?
False
Is 2 a factor of 231?
False
Is 17 a factor of 1086?
False
Is 5219 a multiple of 21?
False
Is 108 a multiple of 108?
True
Is 3826 a multiple of 27?
False
Is 224 a factor of 9632?
True
Is 624 a multiple of 3?
True
Does 42 divide 1109?
False
Is 7 a factor of 893?
False
Does 181 divide 9053?
False
Does 13 divide 691?
False
Is 81 a factor of 1620?
True
Does 2 divide 1437?
False
Does 44 divide 19272?
True
Is 456 a multiple of 19?
True
Is 15 a factor of 427?
False
Does 52 divide 11070?
False
Is 16956 a multiple of 108?
True
Is 7 a factor of 1057?
True
Is 5 a factor of 11552?
False
Does 53 divide 156?
False
Is 110 a factor of 12760?
True
Does 3 divide 317?
False
Is 747 a multiple of 78?
False
Is 14 a factor of 1568?
True
Is 168 a factor of 38168?
False
Is 8 a factor of 3085?
False
Does 53 divide 8268?
True
Is 2 a factor of 7403?
False
Does 192 divide 6528?
True
Is 910 a multiple of 7?
True
Does 20 divide 960?
True
Is 103017 a multiple of 34?
False
Is 14 a factor of 122?
False
Does 10 divide 1413?
False
Does 85 divide 464?
False
Is 27 a factor of 2323?
False
Does 27 divide 59117?
False
Does 71 divide 1136?
True
Does 143 divide 18876?
True
Is 125 a factor of 5182?
False
Does 21 divide 2037?
True
Does 29 divide 3463?
False
Is 18 a factor of 2484?
True
Does 180 divide 19080?
True
Is 1392 a multiple of 48?
True
Does 10 divide 8950?
True
Is 7 a factor of 1400?
True
Is 49 a factor of 1055?
False
Does 8 divide 1073?
False
Is 161 a factor of 77924?
True
Is 253 a multiple of 3?
False
Is 870 a multiple of 58?
True
Is 4018 a multiple of 41?
True
Does 68 divide 2963?
False
Is 776 a multiple of 10?
False
Is 27 a factor of 1080?
True
Does 134 divide 1600?
False
Does 69 divide 3690?
False
Does 14 divide 620?
False
Is 168 a multiple of 14?
True
Is 17700 a multiple of 8?
False
Is 3358 a multiple of 80?
False
Does 34 divide 2618?
True
Is 11764 a multiple of 68?
True
Is 35 a factor of 1162?
False
Is 130 a factor of 16292?
False
Does 40 divide 3760?
True
Does 7 divide 542?
False
Is 6 a factor of 37759?
False
Does 143 divide 28060?
False
Is 3562 a multiple of 5?
False
Is 6993 a multiple of 7?
True
Is 864 a multiple of 24?
True
Is 17 a factor of 23681?
True
Is 518 a multiple of 12?
False
Is 2746 a multiple of 11?
False
Is 4 a factor of 251?
False
Is 12 a factor of 1847?
False
Does 109 divide 38327?
False
Is 166 a factor of 10084?
False
Is 15 a factor of 695?
False
Is 15 a factor of 930?
True
Is 12 a factor of 9924?
True
Does 17 divide 10438?
True
Is 31 a factor of 62?
True
Is 1105 a multiple of 65?
True
Does 139 divide 13761?
True
Is 62 a factor of 481?
False
Is 4976 even?
True
Does 3 divide 467?
False
Is 3179 a multiple of 12?
False
Does 87 divide 210?
False
Does 17 divide 471?
False
Is 19926 a multiple of 27?
True
Is 8 a factor of 91?
False
Is 12 a factor of 840?
True
Is 21087 a multiple of 71?
True
Is 6144 a multiple of 64?
True
Is 1532 a multiple of 11?
False
Is 264 a multiple of 24?
True
Is 17 a factor of 629?
True
Is 46 a factor of 2912?
False
Does 24 divide 983?
False
Does 6 divide 261?
False
Is 3 a factor of 91?
False
Is 15 a factor of 730?
False
Is 4961 a multiple of 20?
False
Is 85 a factor of 5780?
True
Is 12 a factor of 838?
False
Is 94 a factor of 3290?
True
Is 50 a factor of 13841?
False
Is 778 a multiple of 86?
False
Does 3 divide 535?
False
Is 17 a factor of 26588?
True
Is 8 a factor of 4600?
True
Does 53 divide 4452?
True
Does 30 divide 3810?
True
Does 55 divide 22782?
False
Is 5 a factor of 95?
True
Is 95 a factor of 2747?
False
Is 11214 a multiple of 131?
False
Is 23 a factor of 20217?
True
Is 30303 a multiple of 13?
True
Does 20 divide 1260?
True
Is 159 a factor of 12561?
True
Is 13490 a multiple of 95?
True
Does 4 divide 999?
False
Does 80 divide 4000?
True
Does 43 divide 872?
False
Does 18 divide 4261?
False
Is 4608 a multiple of 48?
True
Is 11 a factor of 704?
True
Is 12802 a multiple of 77?
False
Is 4524 a multiple of 5?
False
Is 4 a factor of 1610?
False
Does 9 divide 22209?
False
Does 21 divide 294?
True
Is 1873 a multiple of 10?
False
Is 74 a factor of 5476?
True
Does 2 divide 198?
True
Is 57 a factor of 886?
False
Is 5252 a multiple of 13?
True
Is 10430 a multiple of 18?
False
Is 32 a factor of 30275?
False
Is 14 a factor of 1413?
False
Is 20338 a multiple of 25?
False
Is 13 a factor of 39?
True
Is 2737 a multiple of 119?
True
Does 15 divide 4893?
False
Is 2 a factor of 118?
True
Does 4 divide 140?
True
Is 21 a factor of 957?
False
Is 369 even?
False
Is 7 a factor of 1334?
False
Is 17732 a multiple of 20?
False
Is 35428 a multiple of 350?
False
Is 111 even?
False
Does 137 divide 91653?
True
Does 18 divide 243?
False
Is 43722 a multiple of 63?
True
Is 3213 a multiple of 9?
True
Is 1510 a multiple of 10?
True
Is 55230 a multiple of 35?
True
Is 197 a factor of 9062?
True
Is 1080 a multiple of 120?
True
Is 15 a factor of 8055?
True
Is 950 a multiple of 50?
True
Does 2 divide 379?
False
Does 39 divide 6678?
False
Does 95 divide 16530?
True
Is 12 a factor of 4188?
True
Is 858 a multiple of 18?
False
Does 14 divide 1828?
False
Is 47 a factor of 83280?
False
Is 71 a factor of 2477?
False
Is 31 a factor of 20058?
False
Is 8 a factor of 1724?
False
Does 23 divide 2001?
True
Is 18 a factor of 11988?
True
Does 7 divide 12665?
False
Is 18 a factor of 10188?
True
Is 6840 a multiple of 79?
False
Does 6 divide 204?
True
Is 8 a factor of 521?
False
Is 29698 a multiple of 31?
True
Is 197 a factor of 4925?
True
Is 357 a multiple of 21?
True
Is 74 a multiple of 7?
False
Does 68 divide 88063?
False
Does 21 divide 497?
False
Does 82 divide 5795?
False
Does 187 divide 19074?
True
Does 26 divide 395?
False
Is 47670 a multiple of 35?
True
Is 9 a factor of 765?
True
Does 91 divide 93?
False
Is 6834 a multiple of 17?
True
Is 30 a multiple of 23?
False
Is 516 a multiple of 43?
True
Does 25 divide 7414?
False
Is 1440 a multiple of 15?
True
Is 195 a factor of 8179?
False
Does 170 divide 2302?
False
Is 25 a factor of 1733?
False
Is 12 a factor of 720?
True
Is 69 a factor of 3024?
False
Is 12023 a multiple of 72?
False
Is 7 a factor of 1239?
True
Does 73 divide 5450?
False
Is 4 a factor of 31752?
True
Is 18625 a multiple of 25?
True
Is 2028 a multiple of 13?
True
Is 42 a factor of 18440?
False
Is 1851 a multiple of 5?
False
Is 18 a factor of 61236?
True
Is 4037 a multiple of 52?
False
Is 4560 a multiple of 152?
True
Does 72 divide 1872?
True
Is 2720 a multiple of 32?
True
Does 14 divide 2308?
False
Does 14 divide 616?
True
Is 5 a factor of 617?
False
Is 13 a factor of 234?
True
Is 18283 a multiple of 30?
False
Is 197 a multiple of 26?
False
Is 22 a factor of 2068?
True
Does 20 divide 5600?
True
Does 8 divide 307?
False
Is 83 a multiple of 5?
False
Is 5754 a multiple of 57?
False
Is 8096 a multiple of 5?
False
Is 21010 a multiple of 23?
False
Is 19 a factor of 1514?
False
Is 196 a factor of 30929?
False
Is 15 a factor of 1140?
True
Is 32 a factor of 395?
False
Is 20635 a multiple of 21?
False
Is 5934 a multiple o